?
False
Is 24071760 a multiple of 60?
True
Does 1144 divide 1120482792?
True
Is 44 a factor of 197404544?
False
Is 17 a factor of 50964368?
True
Is 6831037 a multiple of 11?
False
Is 201 a factor of 1345762938?
True
Is 151083308 a multiple of 1826?
False
Is 115065428 a multiple of 931?
False
Is 118 a factor of 40988971?
False
Is 80730098 a multiple of 70?
False
Is 4477336780 a multiple of 891?
False
Is 3098874627 a multiple of 303?
True
Is 434 a factor of 465091760?
True
Does 13 divide 50205194?
True
Is 685 a factor of 49429436?
False
Does 329 divide 8762915?
True
Does 40 divide 197136641?
False
Does 10 divide 36740844?
False
Is 535 a factor of 82682861?
False
Is 30607074 a multiple of 678?
False
Is 240 a factor of 150827282?
False
Is 1930 a factor of 360300120?
True
Is 90057834 a multiple of 38?
True
Is 125700249 a multiple of 16?
False
Is 255512994 a multiple of 5954?
False
Is 246461275 a multiple of 565?
False
Does 1169 divide 2492952242?
False
Is 280362708 a multiple of 799?
True
Does 337 divide 34612017?
False
Is 2 a factor of 27893430?
True
Is 43 a factor of 406170260?
True
Is 27 a factor of 34504028?
False
Is 319415820 a multiple of 111?
True
Is 104 a factor of 5666354?
False
Is 8 a factor of 19328530?
False
Is 75834265 a multiple of 13?
True
Is 74 a factor of 48849420?
False
Is 1238658401 a multiple of 1862?
False
Is 586 a factor of 9332050?
True
Does 97 divide 5257691?
True
Is 8606363 a multiple of 10?
False
Is 407 a factor of 25872583?
True
Is 16092438 a multiple of 6?
True
Does 153 divide 1380649927?
False
Does 154 divide 4365284?
True
Is 15031222 a multiple of 51?
False
Is 69715193 a multiple of 18?
False
Is 35 a factor of 1620046?
False
Is 27330936 a multiple of 3148?
True
Does 126 divide 30768192?
True
Does 11999 divide 5346982381?
True
Does 36 divide 69375096?
True
Does 2389 divide 385429315?
True
Is 301842208 a multiple of 1972?
True
Is 323 a factor of 113382367?
True
Is 32273743 a multiple of 729?
False
Is 289176324 a multiple of 251?
False
Does 12 divide 200281211?
False
Is 615254400 a multiple of 4800?
True
Is 5377193 a multiple of 7?
False
Does 168 divide 4923744?
True
Does 36 divide 53339652?
True
Is 446720472 a multiple of 39?
False
Does 672 divide 337647744?
True
Is 39 a factor of 674487?
False
Is 1074 a factor of 1209970548?
True
Is 4318 a factor of 847031483?
False
Is 15611640 a multiple of 169?
False
Is 114 a factor of 133992294?
True
Is 2081316 a multiple of 276?
True
Is 356605803 a multiple of 657?
True
Is 131990990 a multiple of 77?
False
Is 57995080 a multiple of 55?
True
Does 135 divide 34490205?
True
Is 1169378017 a multiple of 4?
False
Is 746216292 a multiple of 12?
True
Is 244 a factor of 167619216?
True
Is 22 a factor of 44030757?
False
Does 9 divide 161310753?
True
Is 10544705 a multiple of 613?
False
Is 20 a factor of 43126206?
False
Is 1007817871 a multiple of 598?
False
Is 158 a factor of 19705602?
True
Is 1482 a factor of 5606715738?
True
Is 570 a factor of 41416200?
True
Is 6864 a factor of 38277557?
False
Does 13 divide 39797353?
False
Is 774 a factor of 15288822?
True
Is 747917888 a multiple of 29?
True
Does 43 divide 16590733?
True
Is 1995 a factor of 1167029115?
True
Does 55 divide 24839540?
True
Does 224 divide 148931817?
False
Does 1260 divide 42758162?
False
Does 74 divide 2051798?
True
Is 83019481 a multiple of 13?
False
Is 57254441 a multiple of 139?
False
Is 14328120 a multiple of 41?
False
Is 256 a factor of 6010824?
False
Is 7 a factor of 1217398?
True
Is 147019085 a multiple of 330?
False
Does 167 divide 18289506?
True
Is 35 a factor of 117643298?
False
Is 1023 a factor of 78005431?
False
Does 240 divide 370543920?
True
Is 51054720 a multiple of 640?
True
Is 65465312 a multiple of 352?
True
Is 508 a factor of 32110680?
True
Is 44 a factor of 13733280?
True
Is 489 a factor of 630039817?
False
Does 43 divide 80655465?
False
Is 113239672 a multiple of 299?
True
Does 1599 divide 2870399?
False
Does 5 divide 114372500?
True
Is 101 a factor of 37028243?
False
Is 727 a factor of 704630937?
True
Does 2696 divide 668093064?
True
Does 8 divide 408371944?
True
Is 4893226 a multiple of 29?
False
Is 2 a factor of 501906685?
False
Does 16 divide 6950825?
False
Is 378202468 a multiple of 820?
False
Does 1900 divide 31950643?
False
Is 55 a factor of 1235577585?
True
Is 45803664 a multiple of 216?
True
Does 656 divide 30894320?
True
Is 792959840 a multiple of 160?
True
Is 640 a factor of 274310400?
True
Is 15164744 a multiple of 28?
True
Is 25 a factor of 3245578442?
False
Does 433 divide 8608046?
False
Does 45 divide 606563820?
True
Does 111 divide 549711294?
True
Does 6 divide 24155996?
False
Does 90 divide 71024252?
False
Is 1782498186 a multiple of 67?
False
Is 81 a factor of 2717145?
True
Is 5 a factor of 20620280?
True
Does 1265 divide 2404128705?
True
Is 189124056 a multiple of 5018?
False
Does 436 divide 2233115?
False
Is 13 a factor of 137512596?
True
Is 1126 a factor of 329654020?
False
Does 122 divide 19977256?
True
Does 12 divide 55359090?
False
Does 294 divide 484756608?
True
Does 14 divide 1492931972?
True
Does 332 divide 47739940?
True
Is 284341961 a multiple of 50?
False
Does 336 divide 166439618?
False
Does 16 divide 1063925274?
False
Is 1423 a factor of 29873184?
False
Is 36 a factor of 324062856?
True
Is 16 a factor of 2241207424?
True
Is 1870 a factor of 37531473?
False
Is 20 a factor of 2739389952?
False
Does 105 divide 62058885?
True
Is 8203733 a multiple of 355?
False
Is 565650 a multiple of 450?
True
Is 345008949 a multiple of 20?
False
Is 129514566 even?
True
Does 226 divide 2266147652?
True
Is 18310920 a multiple of 30?
True
Is 452 a factor of 2642929880?
True
Does 45 divide 88123642?
False
Is 27248671 a multiple of 210?
False
Is 2404332 a multiple of 126?
True
Is 14570160 a multiple of 110?
True
Is 42430820 a multiple of 11?
False
Is 575 a factor of 128126100?
True
Does 7 divide 180123822?
False
Is 30 a factor of 491504850?
True
Does 279 divide 29842551?
False
Is 191 a factor of 4996762?
False
Is 3254 a factor of 60807498?
True
Does 30 divide 2035496940?
True
Does 341 divide 31561937?
True
Does 1430 divide 904743840?
True
Is 58 a factor of 437082523?
False
Does 7 divide 177619?
False
Is 230 a factor of 313172919?
False
Is 30 a factor of 22446816?
False
Is 225809924 a multiple of 105?
False
Is 342463882 a multiple of 122?
True
Does 1720 divide 594067360?
True
Does 618 divide 37348212?
True
Is 3517 a factor of 28467406?
False
Is 309038637 a multiple of 59?
True
Is 114576528 a multiple of 4?
True
Is 1511 a factor of 1992562?
False
Is 15 a factor of 21036375?
True
Does 131 divide 265916114?
True
Does 28 divide 2691299128?
True
Is 28 a factor of 170930302?
False
Does 27 divide 546214806?
True
Is 39949416 a multiple of 1041?
True
Does 97 divide 741297474?
True
Is 38 a factor of 29107354?
True
Is 758910447 a multiple of 11?
False
Is 499665761 a multiple of 60?
False
Is 310111906 a multiple of 1711?
True
Does 182 divide 161901922?
True
Is 22 a factor of 131603824?
True
Is 190 a factor of 4840897330?
True
Is 3 a factor of 5532106?
False
Is 88494483 a multiple of 707?
True
Is 5 a factor of 2614899?
False
Is 34749956 a multiple of 156?
False
Is 25 a factor of 5440875100?
True
Does 209 divide 607382018?
False
Is 3716367454 a multiple of 55?
False
Does 607 divide 95789456?
True
Does 50 divide 132081997?
False
Is 70 a factor of 11468450?
True
Is 1870769846 a multiple of 338?
False
Is 79 a factor of 10667449?
True
Is 82895430 a multiple of 1158?
True
Is 16 a factor of 54339576?
False
Does 2097 divide 6702288?
False
Does 644 divide 2274241290?
False
Is 1649 a factor of 1316512584?
False
Is 42 a factor of 12455646?
True
Is 6294675 a multiple of 255?
True
Is 772738774 a multiple of 46?
True
Is 9149889 a multiple of 16?
False
Is 299002158 a multiple of 91?
True
Is 776606 a multiple of 3?
False
Does 265 divide 19217535?
True
Is 36 a factor of 104073399?
False
Is 132 a factor of 115821684?
True
Does 10 divide 17583894?
False
Is 178041185 a multiple of 153?
False
Is 1723680 a multiple of 189?
True
Is 6581 a factor of 343396580?
True
Is 34144401 a multiple of 452?
False
Is 65428716 a multiple of 68?
True
Does 22 divide 587147960?
False
Is 14311644 a multiple of 22?
False
Is 236030533 a multiple of 